 (base 10) in base 7?
-34523
What is 221130 (base 4) in base 3?
10122020
Convert -22927 (base 11) to base 3.
-1200100112
1001111001111 (base 2) to base 5
130241
Convert 844 (base 13) to base 5.
21113
Convert -3035 (base 9) to base 16.
-8ab
What is -106746 (base 8) in base 16?
-8de6
Convert 67746 (base 9) to base 4.
23000112
38341 (base 11) to base 13
1c042
33330 (base 8) to base 15
4260
What is -623 (base 9) in base 11?
-421
What is 2010 (base 5) in base 3?
100110
114102 (base 6) to base 8
23366
What is bcc (base 13) in base 15?
902
1000010000011 (base 2) to base 14
177d
Convert -1000111222 (base 3) to base 4.
-10321130
1012222 (base 3) to base 9
1188
-983 (base 11) to base 9
-1551
Convert -204 (base 16) to base 10.
-516
Convert -111322 (base 5) to base 11.
-2a82
Convert -112210100 (base 3) to base 9.
-15710
What is c0b (base 15) in base 3?
10201102
What is -112112022 (base 3) in base 5?
-314332
Convert 3a11 (base 11) to base 12.
3027
What is 348 (base 13) in base 11?
476
Convert -2122210011 (base 3) to base 6.
-1042134
Convert -15125 (base 7) to base 11.
-3164
e7 (base 15) to base 7
430
1331 (base 6) to base 10
343
What is 2494 (base 15) in base 12?
4611
Convert 14013 (base 5) to base 8.
2155
-15325 (base 7) to base 14
-17bc
Convert 1d7 (base 16) to base 5.
3341
What is 246 (base 16) in base 12?
406
Convert 11232130 (base 4) to base 3.
1012011121
Convert 3000 (base 10) to base 16.
bb8
Convert 4460 (base 12) to base 7.
31020
-3013200 (base 4) to base 6
-135040
561 (base 13) to base 5
12144
1000001010 (base 2) to base 10
522
What is -10223 (base 10) in base 6?
-115155
Convert -4b6a (base 16) to base 3.
-222111001
Convert -1424 (base 5) to base 11.
-1a8
216036 (base 7) to base 12
1a070
-10120020 (base 3) to base 8
-5046
What is -1306 (base 7) in base 16?
-1f0
Convert 2425 (base 6) to base 12.
415
What is 6303 (base 10) in base 16?
189f
What is 3433 (base 7) in base 15?
584
What is -1341 (base 5) in base 4?
-3131
Convert 4834 (base 9) to base 6.
24351
Convert 1342 (base 6) to base 7.
1010
-1135 (base 10) to base 5
-14020
What is 144 (base 11) in base 14?
c1
Convert 1b45 (base 12) to base 13.
16bb
What is -342 (base 11) in base 4?
-12121
Convert -11121002 (base 3) to base 14.
-1314
15004 (base 6) to base 10
2380
Convert -2430 (base 5) to base 7.
-1031
11010001100 (base 2) to base 11
1294
Convert -34340 (base 5) to base 14.
-c86
-998 (base 16) to base 3
-10100222
Convert -56 (base 13) to base 5.
-241
Convert 3523 (base 7) to base 6.
5551
-868 (base 12) to base 9
-1618
What is 104120 (base 6) in base 2?
10000111110000
Convert -34b3 (base 12) to base 14.
-2211
-35430 (base 8) to base 13
-6b69
Convert -12829 (base 13) to base 5.
-2044332
Convert 36ff (base 16) to base 10.
14079
Convert -2137 (base 11) to base 2.
-101100000111
Convert 10798 (base 10) to base 6.
121554
331021 (base 4) to base 9
5327
What is -17bf (base 16) in base 15?
-1c04
-3010 (base 5) to base 4
-11330
What is 214 (base 5) in base 10?
59
-213162 (base 7) to base 8
-110421
What is -24640 (base 7) in base 16?
-1960
-2151 (base 13) to base 11
-3529
51013 (base 6) to base 2
1101000110001
Convert -129 (base 13) to base 12.
-150
Convert 5385 (base 16) to base 6.
242553
What is -134346 (base 8) in base 10?
-47334
What is 1540 (base 8) in base 15?
3c9
Convert 242 (base 11) to base 6.
1200
Convert -710 (base 13) to base 5.
-14241
Convert 31201 (base 4) to base 15.
3ca
Convert -2055 (base 8) to base 7.
-3055
Convert 125776 (base 9) to base 5.
4421302
-11244 (base 5) to base 16
-338
Convert 1101101110011 (base 2) to base 3.
100122021
Convert -100110220 (base 3) to base 16.
-1afd
What is -3a6 (base 13) in base 8?
-1203
Convert -215320 (base 7) to base 6.
-451231
What is -1517 (base 11) in base 10?
-1954
What is 1e6 (base 15) in base 9?
540
Convert -363 (base 12) to base 11.
-421
5607 (base 9) to base 3
12200021
Convert -406 (base 11) to base 15.
-22a
Convert -1041 (base 14) to base 11.
-2117
What is -877b (base 14) in base 8?
-55611
133 (base 7) to base 12
61
What is 14002 (base 5) in base 12?
79b
What is 10101101 (base 2) in base 6?
445
24110 (base 7) to base 10
6230
What is 1010011 (base 3) in base 8?
1456
What is 46 (base 16) in base 9?
77
What is -1020100 (base 3) in base 15?
-400
3310 (base 6) to base 15
35c
What is -215b (base 13) in base 15?
-1594
299 (base 10) to base 11
252
-1002121122 (base 3) to base 9
-32548
What is 29e4 (base 16) in base 9?
15635
-1545 (base 10) to base 9
-2106
What is -23150 (base 6) in base 5?
-101211
Convert 274 (base 13) to base 6.
2001
-102130 (base 4) to base 10
-1180
3881 (base 11) to base 5
130200
Convert 80f (base 16) to base 10.
2063
What is 2064 (base 8) in base 13?
64a
What is -2306 (base 10) in base 2?
-100100000010
3565 (base 7) to base 11
aa1
-5916 (base 15) to base 11
-13241
Convert 1433 (base 8) to base 4.
30123
-270 (base 13) to base 12
-2b9
-133630 (base 7) to base 6
-313214
20103 (base 4) to base 7
1356
-2a53 (base 15) to base 16
-2376
What is -16052 (base 8) in base 12?
-420a
Convert 6606 (base 11) to base 3.
102221220
Convert 54562 (base 7) to base 6.
143134
What is 3162 (base 8) in base 14?
85c
What is 366 (base 10) in base 15?
196
-21443 (base 7) to base 10
-5372
What is -a (base 11) in base 15?
-a
105 (base 11) to base 5
1001
What is 16725 (base 10) in base 7?
66522
121230 (base 4) to base 13
996
What is 2ba3 (base 12) in base 5?
131123
What is 16213 (base 7) in base 13?
2104
What is -1075 (base 8) in base 10?
-573
d3e0 (base 15) to base 2
1010111011011000
-10010 (base 3) to base 5
-314
427 (base 10) to base 2
110101011
What is 211221221 (base 3) in base 16?
4162
11121 (base 4) to base 7
1002
520 (base 8) to base 5
2321
Convert ba5 (base 13) to base 5.
30434
Convert -54 (base 10) to base 12.
-46
What is -1100101001101 (base 2) in base 5?
-201402
What is -41fb (base 16) in base 12?
-9937
Convert 1341 (base 7) to base 14.
291
770 (base 13) to base 16
4fa
Convert -1744 (base 14) to base 2.
-1000001010000
Convert 1114332 (base 6) to base 15.
11c15
What is 1010100001 (base 2) in base 10?
673
Convert -42b (base 12) to base 2.
-1001100011
-70127 (base 8) to base 12
-14787
What is -1932 (base 12) in base 9?
-4172
What is -517 (base 15) in base 9?
-1514
Convert 10320202 (base 4) to base 9.
30384
What is 3c0f (base 16) in base 11?
10608
-3ba6 (base 13) to base 14
-31b4
-23023 (base 4) to base 10
-715
4634 (base 12) to base 2
1111010001000
What is 8a1 (base 16) in base 9?
3024
Convert -137a2 (base 12) to base 9.
-41085
Convert -1000000000101 (base 2) to base 14.
-16cd
304 (base 12) to base 6
2004
What is -350 (base 7) in base 6?
-502
What is -793 (base 15) in base 5?
-23323
What is -21003323 (base 4) in base 15?
-aee5
What is 3722 (base 9) in base 15?
c4e
4010 (base 5) to base 12
361
-2031 (base 4) to base 3
-12020
Convert 85b (base 12) to base 8.
2307
Convert -10011010010 (base 2) to base 13.
-73c
Convert -1141 (base 12) to base 7.
-5413
Convert 42a (base 12) to base 7.
1531
Convert -111001111001110 (base 2) to base 3.
-1111200000
-1d28 (base 15) to base 12
-3802
11222 (base 6) to base 8
3076
What is 736 (base 9) in base 6?
2440
Convert -39ae (base 15) to base 3.
-121220002
Convert 11101110101101 (base 2) to base 14.
57d3
What is -1020 (base 3) in base 11?
-30
What is 413 (base 13) in base 6?
3112
What is -46a (base 11) in base 2?
-1000110000
What is -2553 (base 8) in base 9?
-1811
3545 (base 8) to base 4
131211
What is 1122 (base 8) in base 16?
252
1327a (base 11) to base 14
6ca7
Convert 111 (base 5) to base 9.
34
What is -34130 (base 5) in base 3?
-10022110
Convert -890 (base 14) to base 16.
-69e
What is 151 (base 6) in base 8?
103
-1073 (base 15) to base 14
-13ab
What is 101110000000110 (base 2) in base 3?
1012022112
What is -2bac (base 14) in base 15?
-249b
-200011 (base 3) to base 4
-13222
-11111110010 (base 2) to base 12
-1216
Convert 22121001 (base 3) to base 11.
4786
45a (base 11) to base 16
225
Convert -1003034 (base 5) to base 16.
-3e93
What is -17c (base 16) in base 10?
-380
What is 2212020212 (base 3) in base 16?
dbfe
What is -6735 (base 15) in base 10?
-21875
Convert 1443 (base 8) to base 6.
3415
What is -103102 (base 4) in base 16?
-4d2
-315 (base 9) to base 3
-100112
1000110000 (base 2) to base 9
682
17797 (base 10) to base 15
5417